1000011
1839a (base 13) to base 4
23122303
Convert -2022101002222 (base 3) to base 16.
-12bbc4
What is 240404342 (base 6) in base 7?
53225555
-55411162 (base 7) to base 6
-250211121
-3043b (base 13) to base 11
-59a14
What is 2362020 (base 12) in base 9?
13784386
What is 527cc (base 16) in base 6?
11124112
Convert 61239 (base 11) to base 8.
256565
-3b047 (base 13) to base 5
-12004114
-1406502 (base 9) to base 13
-21076a
Convert 577006 (base 8) to base 13.
6b34a
8e176 (base 15) to base 10
452586
What is -b637c (base 16) in base 12?
-2bbb10
What is 6d29ec (base 15) in base 16?
4fb3cc
Convert -116334432 (base 7) to base 11.
-4172838
What is 31202122032 (base 4) in base 2?
1101100010011010001110
77146631 (base 8) to base 14
22b3b17
3050520 (base 6) to base 12
70a40
What is 93cb6f (base 16) in base 12?
32b12bb
Convert 271860 (base 10) to base 11.
176286
Convert -121235523 (base 7) to base 8.
-34705552
Convert 1682144 (base 9) to base 2.
11100101011100011010
What is -4b112 (base 14) in base 11?
-116318
2b0057 (base 15) to base 9
3813301
Convert -2421330212 (base 5) to base 10.
-5651932
Convert 1152156 (base 9) to base 3.
1011202011220
-2db4a (base 14) to base 7
-655323
What is -1110100010011111100 (base 2) in base 10?
-476412
What is -1389 (base 13) in base 6?
-21013
What is 13212003 (base 4) in base 13?
1120b
104592 (base 10) to base 12
50640
-75571 (base 10) to base 8
-223463
What is -1a0574 (base 13) in base 5?
-132022333
-2b248 (base 12) to base 4
-32312120
-101000001020221 (base 3) to base 14
-9c5102
What is 1271c (base 16) in base 11?
51840
What is -47782 (base 10) in base 4?
-23222212
Convert -4454226 (base 7) to base 11.
-34723a
What is 3a22c (base 13) in base 8?
322775
-30305313 (base 6) to base 8
-3230115
-211201200222 (base 3) to base 8
-1551635
-53253 (base 16) to base 10
-340563
What is 875421 (base 9) in base 13?
153976
Convert -17277442 (base 8) to base 16.
-3d7f22
300013 (base 7) to base 3
2120011211
What is -80348 (base 10) in base 2?
-10011100111011100
Convert -10011320211 (base 4) to base 9.
-2014383
Convert -120131130 (base 4) to base 11.
-69300
-3140024030 (base 5) to base 11
-3783914
What is -39a67 (base 13) in base 9?
-173075
-2345906 (base 12) to base 13
-15463b0
Convert -6b9a5 (base 15) to base 10.
-343055
Convert -8171c (base 14) to base 16.
-4c0ae
Convert 37937 (base 14) to base 8.
412115
-16496f (base 16) to base 7
-15262166
What is 2150663 (base 9) in base 6?
40432303
What is -3b046 (base 13) in base 16?
-1ad54
Convert -45890 (base 13) to base 11.
-87210
What is 854566 (base 10) in base 9?
1542217
Convert -3fb3e6 (base 16) to base 4.
-33323033212
Convert 11111112 (base 5) to base 3.
11221221221
Convert -20121100210002 (base 3) to base 16.
-3591b0
Convert 1101000110100001 (base 2) to base 12.
27081
b0503 (base 12) to base 16
37dd3
-73205357 (base 8) to base 4
-323100223233
Convert -18abca (base 15) to base 4.
-10211022112
Convert -1213041012 (base 5) to base 4.
-22322232313
1010011211 (base 3) to base 13
a024
What is -a4a53 (base 11) in base 14?
-3da8a
-dac (base 15) to base 16
-c0f
67165 (base 8) to base 7
145304
Convert 120514214 (base 7) to base 4.
130213000130
4599e7 (base 16) to base 2
10001011001100111100111
-203400120 (base 6) to base 15
-49b06c
Convert -a0748 (base 15) to base 12.
-205b05
What is -12354343 (base 8) in base 11?
-1603531
Convert -1da5a (base 16) to base 3.
-20011120120
-b0406 (base 16) to base 4
-2300100012
Convert -80cb88 (base 15) to base 7.
-103001015
What is -7345388 (base 10) in base 14?
-d92c68
102515136 (base 7) to base 9
12408546
What is 6717300 (base 8) in base 16?
1b9ec0
What is 100110001001000000010100 (base 2) in base 3?
200210222011111
What is -4144633 (base 7) in base 14?
-cda53
Convert 551440 (base 6) to base 15.
d849
Convert -88321 (base 9) to base 6.
-1131114
What is -39a47 (base 11) in base 9?
-86364
-13232210201 (base 4) to base 3
-10210220211012
What is 20110012000112 (base 3) in base 11?
1a3197a
-1000010111100110 (base 2) to base 8
-102746
What is 41659 (base 14) in base 5?
20021123
What is 12022102211221 (base 3) in base 15?
3ab807
What is -a79833 (base 11) in base 5?
-420212410
What is -1355651 (base 7) in base 3?
-100020211012
-1065461 (base 7) to base 10
-134009
What is -3301014333 (base 5) in base 6?
-411022021
-1243111 (base 7) to base 15
-32ebd
Convert -324012432 (base 5) to base 13.
-399556
What is 1742303 (base 8) in base 6?
14525015
746428 (base 9) to base 5
103204221
Convert -17272120 (base 8) to base 5.
-2012334342
Convert 4973aa (base 12) to base 16.
123a72
10001111000010100 (base 2) to base 5
4320421
What is 1a7a74 (base 11) in base 14?
83cb3
Convert -10001110101101101000000 (base 2) to base 11.
-2704508
What is 5632a (base 11) in base 10?
81586
Convert 214c0 (base 14) to base 7.
453530
-332350 (base 10) to base 8
-1211076
What is 4805970 (base 11) in base 2?
11111111110100000001001
Convert -1002420 (base 7) to base 15.
-251d0
What is 2110021020 (base 3) in base 11?
33328
What is 2411873 (base 9) in base 7?
14052510
5065766 (base 10) to base 8
23246046
-44968 (base 16) to base 14
-7454c
Convert -4444643 (base 8) to base 16.
-1249a3
264a09 (base 13) to base 15
133d94
133931 (base 11) to base 5
23210330
10000111111001101 (base 2) to base 11
48306
-55b11e (base 15) to base 13
-b0158a
-4389b2 (base 14) to base 8
-10571360
Convert 89037 (base 10) to base 14.
2463b
-87ba82 (base 12) to base 3
-11001112221222
Convert -6255a (base 14) to base 3.
-110001011102
Convert 154673 (base 14) to base 6.
23523525
Convert 2e329 (base 16) to base 14.
4cd61
What is 78852 (base 13) in base 16?
3572a
Convert -231259 (base 10) to base 16.
-3875b
What is -557b9 (base 13) in base 10?
-155125
What is 1120032110 (base 5) in base 3?
11201010022102
What is -131533452 (base 6) in base 12?
-a5a288
Convert 332443 (base 6) to base 2.
110110010101011
-21011220102000 (base 3) to base 13
-a38267
What is -1233349 (base 10) in base 8?
-4550705
Convert 1541701 (base 8) to base 4.
1230033001
What is 37461370 (base 8) in base 6?
453310344
1699a47 (base 12) to base 5
2144321042
Convert -1224131023 (base 5) to base 2.
-1011010010001110110111
What is 8e8d6 (base 15) in base 3?
212002010010
Convert 100010111110000 (base 2) to base 11.
124a7
What is -bbc7b (base 16) in base 12?
-311137
What is 42116d (base 14) in base 10?
2231165
20155 (base 11) to base 8
71427
What is -100001101101000001 (base 2) in base 16?
-21b41
-dbaac (base 16) to base 8
-3335254
Convert -164677 (base 8) to base 12.
-2a767
What is -91450 (base 13) in base 11?
-168372
-644706 (base 8) to base 16
-349c6
What is -43587 (base 10) in base 15?
-cdac
-893203 (base 11) to base 15
-1d20b0
What is -2602147 (base 9) in base 5?
-330400013
What is 346531 (base 13) in base 15?
1980ca
ab327 (base 16) to base 2
10101011001100100111
122221211111201 (base 3) to base 6
540312244
6345260 (base 8) to base 4
12130222300
What is 4faa (base 16) in base 13?
938a
-281065 (base 14) to base 15
-1c5924
What is 1563161 (base 8) in base 6?
13405321
What is 11673327 (base 8) in base 15?
3614bc
What is 135021340 (base 6) in base 12?
b0a850
Convert 1100010011011010100 (base 2) to base 14.
a6ccc
Convert 23313010001 (base 4) to base 7.
35266331
What is 111796 (base 10) in base 9?
180317
Convert 647364 (base 9) to base 10.
385942
What is -3111 (base 5) in base 2?
-110010110
What is -355caa (base 16) in base 8?
-15256252
-10101100001010001 (base 2) to base 16
-15851
-101100010011011111 (base 2) to base 15
-38b81
What is -31222130 (base 4) in base 16?
-da9c
Convert 34153433 (base 7) to base 9.
5527748
-27065 (base 9) to base 10
-18284
Convert 104414 (base 7) to base 16.
47d2
-1303101011 (base 4) to base 8
-1632105
-30222131 (base 4) to base 16
-ca9d
What is -10000100000111011001 (base 2) in base 12?
-2211b5
What is -100111111010100011000 (base 2) in base 7?
-14055126
What is 1003b51 (base 12) in base 7?
34303255
10000000111211 (base 3) to base 12
64aa34
-730566 (base 8) to base 16
-3b176
12200223 (base 7) to base 4
10022233122
What is 108a2d (base 14) in base 12?
231129
Convert -3297080 (base 10) to base 5.
-1321001310
What is -121373 (base 10) in base 8?
-355035
Convert 22647 (base 11) to base 12.
16b29
What is -1112430 (base 9) in base 10?
-598860
Convert -a39603 (base 12